 j.
27
Suppose -5*m + 6*m - 28 = 0. Let l = m - 27. What is the greatest common factor of l and 4?
1
Let x be -1 + -4*924/(-24). What is the highest common divisor of x and 136?
17
Let g(d) = 13*d**2 + d + 10. Let c be g(3). Calculate the greatest common factor of c and 90.
10
Let a(u) = u - 4. Let l be a(4). Suppose 3*m - 4*m + 16 = l. What is the highest common divisor of 12 and m?
4
Let d(o) = -o**3 - 13*o**2 - 4*o + 15. Let j be d(-13). Let y = 94 - j. Calculate the greatest common divisor of y and 9.
9
Let t be 30*5/(60/16). What is the highest common factor of 90 and t?
10
Let y = -10 + 20. Let n(r) = -2*r**3 + 21*r**2 + 2*r + 8. Let v be n(11). Let i = 181 + v. Calculate the highest common factor of i and y.
10
Suppose -627*c + 619*c + 56 = 0. Calculate the highest common factor of c and 623.
7
Suppose 60 = 4*h - 2*u, -2*u = h - 4*u - 9. Calculate the highest common divisor of h and 272.
17
Let o(n) = 3*n**3 - 36*n**2 - 19*n + 20. Let g be o(16). What is the highest common divisor of g and 68?
68
Suppose 6 - 12 = w + 4*a, -5*a - 60 = -4*w. Let s be (5 - 1) + (-2)/(-1). What is the greatest common divisor of s and w?
2
Let f be 2/(-4) - (-11)/(-2). Let l = 32 + f. Suppose s - 3*s = -l. What is the greatest common divisor of 26 and s?
13
Let h(g) = 5*g**3 - g**2 + 3*g - 2. Let q be h(1). Suppose -2*m + 38 = -q*u, -2*m = 5*u + 1 + 1. Calculate the greatest common divisor of m and 63.
9
Let r be 2 - (-1 - 0)/((-2)/26). Let u = r - -40. Calculate the highest common factor of u and 29.
29
Let r(s) = s**3 + 5*s**2 + 2*s + 1. Suppose g - 2*m - 2 - 21 = 0, 2*m = 5*g - 91. Let u = 15 - g. Let c be r(u). What is the greatest common factor of 18 and c?
9
Suppose -3*d + 820 = -d. Suppose 2*i + 110 = d. Suppose 2*z = -2*z + 12, 4*x - 2*z = i. What is the highest common divisor of 26 and x?
13
Suppose 0 = -4*q + 7 + 17. Suppose -s - s = q. Let x be s/(-12) - (-350)/8. Calculate the greatest common factor of x and 4.
4
Let j(d) = d**3 + 8*d**2 - 2*d - 8. Let n be j(-8). Suppose 5*s - 54 + n = -y, 2*y + 38 = 3*s. What is the greatest common divisor of 30 and s?
10
Suppose 4*k = 4 + 40. Suppose g = 4*d + 125, 4*d - 9*d = -4*g + 489. Calculate the highest common divisor of g and k.
11
Let d = -1993 - -2009. What is the highest common divisor of 2864 and d?
16
Let z be 18/240*8 + 156/15. Let q(b) = -b**3 + b**2 - 1. Let d be q(-1). Let v be ((-198)/(-8))/(d/4). What is the highest common factor of v and z?
11
Let x be (-7)/21 + (-578)/(-6). Let i(h) = h + 66. Let u be i(-30). What is the highest common factor of u and x?
12
Let v = 1 - -23. Let b be (-126)/(-35)*10/4. Suppose 13*i + b = 16*i. Calculate the greatest common divisor of v and i.
3
Let c(d) = d**3 + 9*d**2 - 4*d - 11. Let y be c(-9). Let r = y + -14. Let g be (7 - 1)*(-66)/(-4). What is the greatest common factor of g and r?
11
Let o(a) = -a + 67. Let h be o(16). Calculate the greatest common divisor of h and 85.
17
Suppose 3*l - 32 - 4 = 0. What is the highest common factor of 60 and l?
12
Let a be (3/(-4) - 135/(-4)) + 3. What is the greatest common factor of 144 and a?
36
Let m = -269 + 285. Calculate the greatest common divisor of m and 768.
16
Let d(q) be the first derivative of -8*q**4 + q**3/3 + q**2 + q + 1. Let r be (3 + (-4)/2)*-1. Let n be d(r). What is the highest common divisor of 4 and n?
4
Let x = -3225 + 3601. What is the greatest common factor of 32 and x?
8
Let m = -9 + 10. Let b be 3284/20 - m/5. Suppose 564 = 2*f + b. Calculate the greatest common factor of f and 25.
25
Suppose 163 = -10*f + 9*f. Let p = 231 + f. What is the greatest common factor of 102 and p?
34
Let b = 119 - 111. Calculate the greatest common divisor of b and 24.
8
Suppose 3*g + 0*g - d = 104, -2*g + 64 = -2*d. Suppose -5*z + 310 = 4*m - 132, -5*z - 3*m = -444. Calculate the greatest common divisor of g and z.
18
Suppose -o = o - 3*c - 133, -4*o + 3*c = -263. Suppose 4*s - 188 = -5*p, -p + 87 = 3*s - o. Calculate the greatest common factor of 26 and s.
26
Let l = 137 - 107. Calculate the greatest common divisor of 540 and l.
30
Let i be 2*1 - (-56)/4. Suppose 4*q = 2*h + 16, 3*q + h - 8 = q. Suppose 2*z + q*o - 404 = -z, -5*z = -2*o - 630. What is the greatest common factor of i and z?
16
Let a = -4 + 12. Let w be (765/36)/((-2)/(-8)). Suppose -2*x = -3*x - 4*d, d + w = 4*x. Calculate the highest common divisor of x and a.
4
Suppose -v + 23 = 4*h - 222, 4*h - 241 = 3*v. Let i = h + -27. What is the greatest common factor of i and 51?
17
Suppose 0 = 13*h - 131 - 12. What is the highest common factor of h and 1067?
11
Let d = 165 - 109. Calculate the greatest common divisor of 112 and d.
56
Suppose -7*x + 2*x + 23 = -2*o, 2*x + 3*o - 13 = 0. Suppose 20 = x*t - 0. Calculate the greatest common factor of t and 10.
2
Let h(l) = l**2 - 25*l - 532. Let j be h(-14). What is the greatest common divisor of j and 40?
2
Suppose -7*l = -2156 - 2716. Calculate the greatest common factor of 24 and l.
24
Suppose 14*z = 12*z - 56. Let q = z - -98. What is the greatest common divisor of 28 and q?
14
Let v be 381/5 + 9/(-45). Let i = v - 44. Let s be (-11 + 1)/(2/(-64)). Calculate the highest common divisor of i and s.
32
Let a be -2 + 5 + 3*11/3. Suppose h - 3*q + 8 = 5*h, -q = -5*h + 10. What is the greatest common divisor of h and a?
2
Let i be (1/(-2))/(2/(-12)). Suppose -y = -i*y + 1216. Suppose 5*k - y = 327. Calculate the greatest common divisor of k and 17.
17
Let v(w) be the third derivative of -53*w**5/60 + w**3/6 + 4*w**2. Let r be v(-1). Let f be 1*(-2)/(8/r). Calculate the highest common factor of 78 and f.
13
Suppose 20 + 16 = 2*o. Let c = 7 + -6. Let g be (-53)/(-1) - (-1)/c. Calculate the highest common factor of g and o.
18
Suppose -1059 - 1266 = -31*l. Calculate the greatest common factor of 50 and l.
25
Let w be -4 - (-1 + (-126)/3). Suppose -4*m - w = -5*m. Calculate the highest common factor of m and 26.
13
Let j = 365 + -351. Calculate the greatest common divisor of 154 and j.
14
Suppose 3*a + 2*z = 130, 0 = a + 2*z - 25 - 13. What is the greatest common divisor of 3634 and a?
46
Let l = -45 - 112. Let z = l + 311. What is the greatest common factor of z and 22?
22
Suppose 8*u - 4*u + n = 12, 2*u = -4*n + 6. What is the greatest common divisor of u and 16?
1
Let m(l) = 58*l**2 - l + 10. Let j be m(2). Calculate the greatest common factor of 150 and j.
30
Let c(u) = 3*u + 74. Let s be c(14). What is the greatest common divisor of s and 174?
58
Suppose -2*m = -5*m + 9. Let s be 86/m - 4/6. Calculate the highest common divisor of s and 42.
14
Let m = -396 - -550. Calculate the greatest common divisor of 42 and m.
14
Let i = -10 - -12. Suppose c - 40 = 2*c + 5*b, -2*c = -i*b + 68. Let t = -20 - c. Calculate the highest common divisor of t and 60.
15
Suppose -2*b + 5*j + 23 = 0, 0*j - j = 3*b - 9. Let m be 1/2*(-480)/(-10). Let f = -8 + m. What is the greatest common divisor of b and f?
4
Let c(s) = s**2 + 9*s + 4. Let g be c(-9). Suppose 123 = 2*t + q + 2*q, -3*t = g*q - 185. What is the greatest common divisor of t and 7?
7
Suppose -5*t = q - 13 + 67, -4*t = 2*q + 114. Let f = -39 - q. Calculate the greatest common factor of f and 8.
4
Suppose 5*n - 10 = 0, -2*y - 3*n = -0*y - 14. Calculate the highest common factor of 9 and y.
1
Let t(f) = -45*f - 15. Let k be t(-2). Calculate the greatest common divisor of k and 135.
15
Let v(m) = 38*m**2 - 1 + 2 - 5*m**2. Let u be v(1). Suppose i + 2*o = u, 0*i - i = -o - 19. Calculate the highest common divisor of i and 48.
24
Let i be (-24)/(-42) - 304/(-7). What is the greatest common divisor of i and 572?
44
Suppose -13*d = -25 - 1. Let h(f) = f**2 - 8*f + 1. Let j be (-2)/(0 - (-1)/(-4)). Let c be h(j). What is the greatest common factor of c and d?
1
Let r(k) be the first derivative of 2*k**3/3 - 2*k**2 - 2*k + 4. Let m = 7 + -3. Let c be r(m). Calculate the greatest common factor of c and 98.
14
Let z be 2*(-4)/16*-1*2. Let v be z + ((-2)/6 - (-11066)/33). What is the greatest common divisor of v and 48?
48
Suppose -317 - 46 = -33*f. What is the highest common divisor of 176 and f?
11
Let v = -20 + 25. Suppose 14 = 3*a + 4*x, v*a = a + x + 44. Suppose 0 = m + 4*m + 5*t - a, -m - 4 = 4*t. What is the highest common divisor of 16 and m?
4
Let k be 14/21 - (1 